918767 a prime number?
True
Is 4358588811 prime?
False
Is 14085347929 a prime number?
True
Is 119556331781 a composite number?
False
Is 13613260583 a prime number?
False
Is 2398349479 prime?
False
Is 1825048279 composite?
True
Is 7151674181 composite?
False
Is 1086737689 composite?
True
Is 21669721001 a prime number?
False
Is 529580699 prime?
True
Is 26637817 prime?
False
Is 7915433377 composite?
False
Is 1132413617 a composite number?
False
Is 3142884077 prime?
False
Is 72440341 a composite number?
False
Is 306685109 prime?
True
Is 14788976339 prime?
True
Is 27803190179 composite?
True
Is 2405357807 composite?
False
Is 41738140783 a composite number?
True
Is 770773661 prime?
False
Is 4182535861 a composite number?
True
Is 3597723329 prime?
True
Is 6560003269 composite?
True
Is 424259129 composite?
True
Is 48931853197 composite?
False
Is 111543739129 prime?
True
Is 3288432473 composite?
True
Is 79718659169 a composite number?
False
Is 9375232777 a composite number?
True
Is 1820302453 prime?
False
Is 264662053 composite?
False
Is 3998241019 prime?
False
Is 2777892353 a composite number?
False
Is 1680417913 prime?
False
Is 759001333 prime?
True
Is 417024923 prime?
False
Is 72362599 composite?
True
Is 27149876467 prime?
False
Is 325991321 a composite number?
False
Is 1048810093 prime?
False
Is 552540503 composite?
True
Is 9914422163 prime?
True
Is 5414178149 a composite number?
False
Is 1593183793 prime?
True
Is 234515207 composite?
False
Is 11400897631 prime?
True
Is 396799253 composite?
True
Is 3029210497 composite?
True
Is 156751110539 a composite number?
False
Is 4479843041 composite?
True
Is 133174184041 prime?
True
Is 3208814121 a composite number?
True
Is 13008466 composite?
True
Is 47044546669 a composite number?
False
Is 20179938833 composite?
False
Is 481771943 prime?
False
Is 7543712831 composite?
False
Is 554986687 prime?
True
Is 2477146435 prime?
False
Is 1062454669 a composite number?
False
Is 7872466067 prime?
True
Is 717525559 a composite number?
True
Is 6049582211 a composite number?
False
Is 165462044653 composite?
True
Is 3585950657 composite?
False
Is 1677855989 prime?
True
Is 1596358991 a composite number?
True
Is 7527795487 a composite number?
False
Is 141316583 prime?
False
Is 7664034157 a composite number?
True
Is 60241431 a prime number?
False
Is 615884801 a prime number?
False
Is 1220148257 prime?
False
Is 12196176169 a composite number?
True
Is 69991479661 prime?
True
Is 225386292913 a prime number?
False
Is 28954620941 prime?
False
Is 7284843421 composite?
True
Is 1984026883 a prime number?
True
Is 9282720109 composite?
True
Is 46681529143 prime?
False
Is 117644444059 a prime number?
True
Is 4321152127 prime?
False
Is 166670759 a prime number?
False
Is 8085325511 prime?
False
Is 257256796963 prime?
True
Is 11562539 prime?
True
Is 1813090543 prime?
False
Is 626282698 composite?
True
Is 1763492791 a prime number?
True
Is 99412458737 a composite number?
False
Is 6386427559 a prime number?
True
Is 83964400841 composite?
False
Is 2616857871 a prime number?
False
Is 3392376961 composite?
True
Is 891174793 a prime number?
False
Is 15620831047 a prime number?
False
Is 1808605613 composite?
True
Is 30571677205 composite?
True
Is 5978458649 a composite number?
False
Is 1839809651 a prime number?
True
Is 5085324239 a prime number?
False
Is 32143 a prime number?
True
Is 3003372599 a composite number?
True
Is 12713630177 a prime number?
True
Is 838922243 a composite number?
False
Is 57351282257 composite?
False
Is 339770291681 composite?
False
Is 456275243 a composite number?
True
Is 548507779 composite?
False
Is 37034380013 prime?
True
Is 1874222837 composite?
True
Is 9489167003 prime?
False
Is 8887687307 a composite number?
True
Is 335068693 a composite number?
False
Is 36128393069 composite?
False
Is 4205069681 a composite number?
True
Is 6147110419 a composite number?
False
Is 501634093 prime?
True
Is 57090551734 a prime number?
False
Is 227304893 a prime number?
False
Is 43984396063 a prime number?
True
Is 661697473 a prime number?
True
Is 71362331 prime?
True
Is 7345703389 composite?
True
Is 792873083 a composite number?
False
Is 3006534077 a composite number?
False
Is 4509586093 a composite number?
False
Is 11690985841 a composite number?
True
Is 9343576013 composite?
False
Is 75791278159 a prime number?
False
Is 1969954769 a composite number?
False
Is 742347251 prime?
True
Is 5867282153 composite?
False
Is 603907873 composite?
True
Is 901476547 a composite number?
True
Is 11625360119 a prime number?
False
Is 8511293591 a prime number?
False
Is 4125187393 prime?
True
Is 4478059051 prime?
False
Is 211828021 composite?
False
Is 59230246687 a composite number?
False
Is 15588728803 prime?
True
Is 12408154909 a prime number?
True
Is 86467282607 a composite number?
False
Is 3303506411 prime?
True
Is 199102049 composite?
True
Is 141394787 a composite number?
False
Is 290022211607 a composite number?
False
Is 189398127727 a prime number?
True
Is 4110206281 composite?
False
Is 240526026973 prime?
True
Is 3506972267 a prime number?
True
Is 25006361 prime?
True
Is 2541057161 composite?
False
Is 13927434319 prime?
True
Is 27896177 a prime number?
True
Is 118001936233 a composite number?
False
Is 1531232357 a prime number?
False
Is 42239057993 prime?
False
Is 6135531601 a prime number?
True
Is 15831218519 a prime number?
True
Is 10482801509 composite?
False
Is 6801126671 composite?
False
Is 76433635211 composite?
False
Is 8657101847 a composite number?
False
Is 1623368489 prime?
True
Is 90443068997 a prime number?
True
Is 7364746061 a prime number?
False
Is 5060091437 a composite number?
False
Is 16719393643 a prime number?
True
Is 1067815423 prime?
True
Is 130072399 a composite number?
False
Is 72433033 composite?
True
Is 11658640979 prime?
False
Is 1222666681 composite?
False
Is 12134466733 prime?
True
Is 33130393451 a composite number?
True
Is 59612162773 prime?
True
Is 15969387305 a prime number?
False
Is 186551673697 composite?
True
Is 4044582631 a composite number?
False
Is 763920029 a prime number?
False
Is 1518852277 composite?
False
Is 19044618569 prime?
False
Is 644626999 a prime number?
True
Is 1100988751 a prime number?
True
Is 201656033 composite?
False
Is 3413008673 a composite number?
False
Is 36897326497 prime?
True
Is 126761036749 composite?
False
Is 59024792899 a prime number?
False
Is 2509728089 a composite number?
True
Is 18311275943 a prime number?
False
Is 19008917 prime?
True
Is 22092091577 a prime number?
False
Is 47038419763 composite?
True
Is 13221678139 prime?
True
Is 1480732291 a prime number?
False
Is 19820901937 prime?
True
Is 500725649 a prime number?
True
Is 1368063113 composite?
True
Is 3275627 prime?
True
Is 12937081847 a prime number?
True
Is 7493567197 a prime number?
True
Is 1982604251 prime?
True
Is 25118942891 composite?
True
Is 51883927421 a prime number?
True
Is 253043659 composite?
True
Is 188115314579 prime?
True
Is 403934149 a prime number?
True
Is 91530727 composite?
False
Is 218703639197 a prime number?
True
Is 66690859 prime?
True
Is 131300583157 composite?
False
Is 3455874997 a prime number?
True
Is 10775543899 a prime number?
True
Is 1849593533 a prime number?
True
Is 209794896757 a prime number?
True
Is 13698395561 composite?
False
Is 1907759523 a composite number?
True
Is 11289705481 composite?
True
Is 1888626359 a prime number?
True
Is 4215464607 composite?
True
Is 3911684303 a prime number?
True
Is 314087203 a prime number?
True
Is 114645316187 a prime number?
True
Is 630778898 a composite number?
True
Is 13218536753 prime?
True
Is 9175233031 composite?
False
Is 2471294599 prime?
False
Is 16733243143 a composite number?
False
Is 625453373 a composite number?
False
Is 521441147 prime?
True
Is 8139583447 a prime number?
True
Is 6129768091 a composite number?
False
Is 2820083135 a prime number?
False
Is 21233401673 a composite number?
True
Is 14466359977 prime?
False
Is 50146871087 composite?
True
Is 1877065349 a composite number?
False
Is 1734225193 a prime number?
True
Is 293786480159 a composite number?
False
Is 48290619119 composite?
True
Is 5888263313 composite?
False
Is 1545400867 composite?
True
Is 6397972441 a prime number?
False
Is 4978861 prime?
False
Is 12159173573 prime?
